12 (base 3) to base 14
5
-202 (base 3) to base 8
-24
-222 (base 4) to base 13
-33
What is 10 (base 5) in base 8?
5
What is 234 (base 5) in base 7?
126
42 (base 5) to base 14
18
What is -3 (base 9) in base 13?
-3
What is -2 (base 8) in base 16?
-2
Convert -3 (base 16) to base 11.
-3
-101001 (base 2) to base 12
-35
What is 1 (base 6) in base 10?
1
Convert 0 (base 6) to base 12.
0
What is -31 (base 6) in base 2?
-10011
0 (base 8) to base 10
0
12 (base 16) to base 7
24
-c (base 13) to base 5
-22
-17 (base 8) to base 7
-21
Convert -1323 (base 4) to base 6.
-323
Convert 131 (base 6) to base 4.
313
What is -19 (base 16) in base 13?
-1c
What is 351 (base 6) in base 12?
b7
What is 3 (base 7) in base 6?
3
-10 (base 2) to base 15
-2
What is 7 (base 15) in base 12?
7
-430 (base 7) to base 10
-217
13 (base 6) to base 10
9
-100 (base 2) to base 15
-4
-66 (base 7) to base 6
-120
What is -2 (base 5) in base 13?
-2
Convert 2031 (base 4) to base 14.
a1
What is -10 (base 10) in base 12?
-a
-29 (base 10) to base 3
-1002
1034 (base 5) to base 2
10010000
12 (base 7) to base 10
9
What is 4 (base 7) in base 14?
4
Convert 95 (base 12) to base 2.
1110001
What is 200 (base 3) in base 8?
22
Convert 111 (base 3) to base 6.
21
What is -10 (base 10) in base 2?
-1010
What is -15 (base 13) in base 7?
-24
-1 (base 7) to base 14
-1
Convert 332 (base 5) to base 6.
232
3 (base 5) to base 6
3
What is 1 (base 5) in base 3?
1
What is -d2 (base 14) in base 8?
-270
What is 6 (base 7) in base 11?
6
Convert 1113 (base 4) to base 5.
322
Convert -6 (base 13) to base 7.
-6
10 (base 9) to base 5
14
What is 13 (base 4) in base 14?
7
-a (base 13) to base 9
-11
9 (base 11) to base 3
100
-214 (base 7) to base 2
-1101101
What is 311 (base 6) in base 9?
137
What is 14 (base 15) in base 16?
13
What is -3 (base 5) in base 9?
-3
Convert -11 (base 3) to base 5.
-4
-18 (base 11) to base 10
-19
What is 39 (base 12) in base 15?
30
1 (base 11) to base 16
1
What is e (base 15) in base 14?
10
Convert -31 (base 6) to base 10.
-19
Convert -13 (base 6) to base 10.
-9
-28 (base 11) to base 5
-110
13 (base 4) to base 14
7
Convert 21 (base 6) to base 9.
14
Convert -1 (base 8) to base 10.
-1
What is 2 (base 15) in base 3?
2
-7 (base 16) to base 10
-7
Convert -56 (base 8) to base 13.
-37
Convert -7 (base 15) to base 8.
-7
What is -101 (base 5) in base 15?
-1b
-25 (base 8) to base 3
-210
What is -1110110 (base 2) in base 9?
-141
What is -102 (base 5) in base 8?
-33
What is -21 (base 8) in base 15?
-12
What is 54 (base 10) in base 5?
204
Convert -5 (base 10) to base 8.
-5
Convert 1003 (base 4) to base 8.
103
What is 10001000 (base 2) in base 6?
344
1 (base 10) to base 8
1
5a (base 16) to base 15
60
What is -117 (base 14) in base 10?
-217
Convert -4 (base 13) to base 6.
-4
What is -10121 (base 3) in base 2?
-1100001
Convert -1000 (base 2) to base 8.
-10
-23 (base 14) to base 12
-27
Convert 3 (base 9) to base 11.
3
What is -15 (base 16) in base 7?
-30
-213 (base 6) to base 13
-63
Convert -5 (base 13) to base 15.
-5
Convert -152 (base 6) to base 4.
-1010
Convert -10 (base 9) to base 14.
-9
Convert -1 (base 12) to base 9.
-1
What is -4 (base 5) in base 2?
-100
What is -1 (base 14) in base 7?
-1
0 (base 7) to base 9
0
53 (base 7) to base 12
32
20 (base 6) to base 10
12
What is -3c (base 14) in base 6?
-130
-10 (base 5) to base 10
-5
-10110 (base 2) to base 7
-31
Convert 26 (base 8) to base 9.
24
Convert -1 (base 4) to base 14.
-1
-57 (base 9) to base 14
-3a
Convert -22 (base 6) to base 4.
-32
What is -2 (base 5) in base 13?
-2
241 (base 6) to base 10
97
Convert 230 (base 8) to base 16.
98
Convert -53 (base 6) to base 12.
-29
Convert 6 (base 7) to base 13.
6
Convert -2 (base 7) to base 12.
-2
What is 19 (base 13) in base 14?
18
32 (base 8) to base 14
1c
-11 (base 7) to base 8
-10
What is 2c (base 13) in base 16?
26
222 (base 5) to base 4
332
-129 (base 10) to base 15
-89
1 (base 4) to base 13
1
-c (base 14) to base 16
-c
What is -5 (base 7) in base 6?
-5
221 (base 10) to base 16
dd
Convert 112011 (base 3) to base 8.
576
What is -8 (base 14) in base 15?
-8
1001 (base 3) to base 15
1d
Convert -11 (base 3) to base 12.
-4
What is -12121 (base 3) in base 8?
-227
What is -100 (base 2) in base 6?
-4
-6 (base 14) to base 5
-11
Convert 4 (base 16) to base 6.
4
What is 44 (base 9) in base 4?
220
Convert -33 (base 11) to base 13.
-2a
22 (base 11) to base 6
40
-40 (base 11) to base 15
-2e
Convert -11 (base 4) to base 15.
-5
Convert 1c (base 14) to base 4.
122
-10222 (base 4) to base 3
-102001
What is -c6 (base 15) in base 11?
-15a
1112 (base 5) to base 9
184
Convert -4 (base 11) to base 14.
-4
c (base 13) to base 8
14
What is 14 (base 5) in base 4?
21
6 (base 7) to base 12
6
Convert 14 (base 8) to base 6.
20
Convert -30 (base 8) to base 14.
-1a
Convert 15 (base 15) to base 10.
20
What is 0 (base 9) in base 4?
0
What is -10020 (base 3) in base 13?
-69
210 (base 3) to base 5
41
2 (base 8) to base 5
2
What is 436 (base 7) in base 15?
ed
-1000 (base 2) to base 3
-22
Convert -5 (base 6) to base 8.
-5
Convert -1 (base 6) to base 4.
-1
-96 (base 10) to base 7
-165
What is 25 (base 8) in base 2?
10101
Convert 93 (base 10) to base 5.
333
What is -3 (base 16) in base 6?
-3
What is -1c (base 14) in base 16?
-1a
Convert -27 (base 15) to base 16.
-25
What is -66 (base 8) in base 4?
-312
3 (base 7) to base 14
3
Convert -3 (base 12) to base 3.
-10
What is 5 (base 6) in base 16?
5
11010 (base 2) to base 3
222
What is -1 (base 6) in base 7?
-1
Convert -5 (base 7) to base 12.
-5
18 (base 11) to base 9
21
Convert 87 (base 11) to base 3.
10112
What is 123 (base 13) in base 11?
170
What is 46 (base 8) in base 12?
32
Convert -26 (base 7) to base 8.
-24
What is -4 (base 7) in base 14?
-4
Convert 38 (base 13) to base 3.
1202
What is 21102 (base 3) in base 13?
125
-10 (base 5) to base 12
-5
What is -1 (base 15) in base 12?
-1
What is 40 (base 8) in base 12?
28
What is -10 (base 7) in base 13?
-7
a6 (base 11) to base 4
1310
Convert -11 (base 3) to base 14.
-4
Convert -2021 (base 4) to base 6.
-345
Convert 1 (base 12) to base 13.
1
Convert 2 (base 9) to base 11.
2
Convert -15 (base 16) to base 3.
-210
-20 (base 4) to base 13
-8
What is 12112 (base 3) in base 14?
a9
What is -111110 (base 2) in base 3?
-2022
What is -6 (base 12) in base 10?
-6
What is -222 (base 3) in base 15?
-1b
What is -1 (base 10) in base 9?
-1
Convert -1 (base 6) to base 15.
-1
What is -2001 (base 3) in base 8?
-67
-10 (base 2) to base 11
-2
What is 58 (base 15) in base 13?
65
What is 26 (base 16) in base 9?
42
What is 54 (base 9) in base 2?
110001
What is 4 (base 16) in base 7?
4
Convert 6 (base 8) to base 13.
6
What is -3a (base 12) in base 7?
-64
4 (base 9) to base 13
4
What is -50 (base 7) in base 2?
-100011
Convert -123 (base 5) to base 14.
-2a
Convert -1 (base 5) to base 13.
-1
What is 155 (base 9) in base 6?
335
6 (base 13) to base 4
12
Convert 100100 (base 2) to base 7.
51
Convert 7 (base 14) to base 3.
21
-11 (base 2) to base 5
-3
What is 11 (base 4) in base 3?
12
-13 (base 15) to base 14
-14
What is -11 (base 2) in base 3?
-10
Convert -2 (base 14) to base 8.
-2
Convert -2 (base 14) to base 16.
-2
20 (base 4) to base 16
8
-2 (base 16) to base 11
-2
What is -13 (base 12) in base 16?
-f
-12 (base 6) to base 8
-10
What is -9 (base 16) in base 6?
-13
1 (base 11) to base 2
1
What is 33 (base 7) in base 4?
120
14 (base 16) to base 11
19
What is 4 (base 5) in base 11?
4
What is 0 (base 14) in base 16?
0
110 (base 3) to base 9
13
Convert 6 (base 10) to base 4.
12
3 (base 6) to base 14
3
-100 (base 6) to base 13
-2a
Convert 11 (base 13) to base 2.
1110
What is -7 (base 16) in base 14?
-7
-a (base 16) to base 6
-14
-148 (base 9) to base 10
-125
What is 0 (base 5) in base 9?
0
What is -273 (base 9) in base 7?
-444
5 (base 16) to base 6
5
-2012 (base 3) to base 13
-47
What is -10 (base 14) in base 16?
-e
Convert -4 (base 9) to base 11.
-4
2 (base 4) to base 8
2
What is 17a (base 11) in base 10?
208
-10110011 (base 2) to base 4
-2303
Convert -1020 (base 3) to base 14.
-25
-7 (base 13) to base 14
-7
Convert -108 (base 10) to base 3.
-11000
What is 24 (base 5) in base 15?
e
What is 35 (base 13) in base 14?
32
29 (base 10) to base 8
35
What is 1 (base 8) in base 9?
1
What is -2 (base 13) in b